se 2, what is 10 - 1011001101001011000?
-1011001101001010110
In base 8, what is 530437 + -3?
530434
In base 11, what is -a3 - -1477?
1384
In base 9, what is -27 + 4604?
4566
In base 13, what is -24000 - -1?
-23ccc
In base 11, what is -2 + 77625?
77623
In base 10, what is -271977 - -2?
-271975
In base 13, what is 1b06 + -6b?
1a68
In base 4, what is -2233 + 313111?
310212
In base 16, what is -6 - -242b?
2425
In base 13, what is 5a967 + -3?
5a964
In base 14, what is 0 + 136?
136
In base 4, what is 23103 + -3300?
13203
In base 5, what is 40 + 13434001?
13434041
In base 8, what is -12420 - -14?
-12404
In base 14, what is 5c0 - -1?
5c1
In base 14, what is -2d5c - -57?
-2d05
In base 4, what is -1210220331 - 13?
-1210221010
In base 15, what is -12 + -2a12?
-2a24
In base 13, what is -1c + 64?
45
In base 9, what is -121 + -12428?
-12550
In base 9, what is -84636 - 2?
-84638
In base 4, what is -2213 - -23001?
20122
In base 4, what is 120031021 - 3?
120031012
In base 2, what is -1101011111011000000 + -100?
-1101011111011000100
In base 5, what is 1143 + -442?
201
In base 13, what is -31975 + 2?
-31973
In base 13, what is -c447a + 5?
-c4475
In base 14, what is 1 - 3a1c?
-3a1b
In base 5, what is -2422240 + -2?
-2422242
In base 12, what is 12 + 2028?
203a
In base 7, what is -25 + -6012?
-6040
In base 12, what is a934 - 43?
a8b1
In base 11, what is -4 + 1930a?
19306
In base 15, what is 5 + 249c4?
249c9
In base 15, what is -c76 + -b?
-c82
In base 14, what is 20 - 11d?
-dd
In base 16, what is 27c - 1f?
25d
In base 14, what is 7db48 + -1?
7db47
In base 4, what is -2 + 1132021?
1132013
In base 16, what is -cf + 9db?
90c
In base 2, what is 101100010 - -100011011?
1001111101
In base 9, what is -4 - 641783?
-641787
In base 4, what is 122123 + 31?
122220
In base 9, what is 82250 + -6?
82243
In base 6, what is -42 + 5541?
5455
In base 3, what is 11 - -2111211?
2111222
In base 3, what is 200110211 + 21?
200111002
In base 6, what is 20545 + -154?
20351
In base 7, what is -13305306 - -2?
-13305304
In base 14, what is -193 - 2b2?
-465
In base 2, what is 1110000001100000101011 + 101?
1110000001100000110000
In base 6, what is 343434 - -1?
343435
In base 11, what is -4494 - -2?
-4492
In base 8, what is -375 - 13301?
-13676
In base 4, what is -10002 - -12320?
2312
In base 16, what is 23 - -2c61?
2c84
In base 7, what is -2 + 2446?
2444
In base 8, what is 36 - -27?
65
In base 12, what is -14 + 26742?
2672a
In base 14, what is 6 - -273c1?
273c7
In base 12, what is 87536 + 5?
8753b
In base 7, what is -1 - 24400?
-24401
In base 7, what is -2632 + 506?
-2123
In base 11, what is 77 - 338?
-271
In base 7, what is 22023 - -2150?
24203
In base 10, what is -5204 + -557?
-5761
In base 9, what is -80 + -5671?
-5761
In base 16, what is 1b6c39 - -4?
1b6c3d
In base 14, what is 1 - -149?
14a
In base 12, what is 23 + 5895b?
58982
In base 8, what is 44446 - 326?
44120
In base 6, what is 1050441 + 0?
1050441
In base 11, what is -208 + -106?
-313
In base 9, what is -218675 + -4?
-218680
In base 10, what is -5 + 5450?
5445
In base 14, what is 970 + b?
97b
In base 8, what is -376 - 3070?
-3466
In base 4, what is 202 + 12111132?
12112000
In base 10, what is -16 + -16857?
-16873
In base 15, what is -d - 4021?
-402e
In base 11, what is 0 + 89870?
89870
In base 13, what is 37 - -18?
52
In base 15, what is -6ddaa - 4?
-6ddae
In base 14, what is -2a7 - -1b?
-28a
In base 5, what is -2313234 - -10?
-2313224
In base 16, what is 126 - a?
11c
In base 11, what is 4 + 2273?
2277
In base 5, what is 14443 - -21?
20014
In base 9, what is -1 + 12724?
12723
In base 12, what is 5854 - -1?
5855
In base 9, what is 11885 + -21?
11864
In base 11, what is 4 - 5917?
-5913
In base 9, what is 18665 + 2?
18667
In base 5, what is 133232 - 1200?
132032
In base 12, what is -31b5 + -19?
-3212
In base 12, what is 26366 - -5?
2636b
In base 4, what is 331 + 113203?
120200
In base 9, what is -38254 - 4?
-38258
In base 10, what is 6608 - -344?
6952
In base 2, what is 10011111111000 + -10011000?
10011101100000
In base 14, what is -78 - -4d69?
4cd1
In base 9, what is -3 - 166223?
-166226
In base 4, what is -33310 - -12010?
-21300
In base 13, what is -176b7c + 1?
-176b7b
In base 13, what is 2 + -3c959?
-3c957
In base 9, what is 44 + 2280?
2334
In base 7, what is 5 + 5603262?
5603300
In base 11, what is -10 + -1369?
-1379
In base 13, what is -3 + -287?
-28a
In base 3, what is 10102220212 - 2?
10102220210
In base 4, what is -3 + 1313023121?
1313023112
In base 5, what is 40 + 1142?
1232
In base 3, what is -10110122122 - -112?
-10110122010
In base 8, what is -225 + -267?
-514
In base 8, what is -1474 - -7404?
5710
In base 8, what is -2734 + -346?
-3302
In base 8, what is 10200 + -372?
7606
In base 14, what is a9 + -630?
-565
In base 12, what is a09a + 3?
a0a1
In base 7, what is 640213 + -4?
640206
In base 2, what is -11111111 + -11?
-100000010
In base 9, what is 3 - 143461?
-143457
In base 2, what is -11 + -100100111110000000?
-100100111110000011
In base 5, what is -4434232 + 421?
-4433311
In base 16, what is a4c - -3?
a4f
In base 16, what is bc64 + -16?
bc4e
In base 3, what is 1 + -221000011?
-221000010
In base 4, what is -3 - -102200?
102131
In base 4, what is 10122 - -1002?
11130
In base 5, what is 210101 - 212?
204334
In base 6, what is 14414 - 10?
14404
In base 15, what is 2656 - -20?
2676
In base 6, what is 13 + -1551213?
-1551200
In base 9, what is 5214 + 2?
5216
In base 15, what is 2 - -119a?
119c
In base 15, what is 4b + -70?
-24
In base 13, what is 5b96a - -5?
5b972
In base 16, what is 5 + 3fb0?
3fb5
In base 8, what is -116 + 2724?
2606
In base 6, what is 213054 + 0?
213054
In base 15, what is 51d9 + -2?
51d7
In base 8, what is 1605 + 14?
1621
In base 5, what is -320042 - 3?
-320100
In base 9, what is -2 + -28520?
-28522
In base 11, what is 1 + 423?
424
In base 12, what is -a4b - -12?
-a39
In base 15, what is -466b + -5?
-4671
In base 5, what is -34 + 142032?
141443
In base 15, what is -1e + -1829?
-1848
In base 14, what is -1c0c0 + -3?
-1c0c3
In base 10, what is -23933 - -12?
-23921
In base 14, what is -1c3 + b1d?
93a
In base 10, what is -8 + 5606?
5598
In base 7, what is -2 - 156524?
-156526
In base 3, what is 21 + -10220012210?
-10220012112
In base 11, what is 68685 - -10?
68695
In base 16, what is a2049 + 0?
a2049
In base 4, what is -11 - 132003221?
-132003232
In base 9, what is 2 - 7163?
-7161
In base 12, what is 161 + 4b8?
659
In base 11, what is -15755 + 4?
-15751
In base 4, what is 123011 - -1122?
130133
In base 4, what is -30 - 331303?
-331333
In base 4, what is -32223 - -30110?
-2113
In base 15, what is 23 - -8aa?
8cd
In base 4, what is -3112132 - -233?
-3111233
In base 2, what is 101 - -1000001100110?
1000001101011
In base 2, what is -11011000 + 1101?
-11001011
In base 14, what is 2 - -24b21?
24b23
In base 11, what is 5 - 2a186?
-2a181
In base 2, what is 10100 + -1010100001?
-1010001101
In base 13, what is -5 - 1a348?
-1a350
In base 3, what is -10 - 2111220010?
-2111220020
In base 10, what is -190 - -3413?
3223
In base 2, what is 101 + -101101100000111111?
-101101100000111010
In base 13, what is -5 - 1268?
-1270
In base 6, what is -2101150 + 5?
-2101141
In base 6, what is 50 + 123043?
123133
In base 2, what is -110 - -1001010101110?
1001010101000
In base 2, what is -11000011011100 - -11?
-11000011011001
In base 3, what is 22110020212 - 2?
22110020210
In base 12, what is 1b9092 - -2?
1b9094
In base 5, what is 112 - -10203404?
10204021
In base 11, what is aa + 3a?
139
In base 16, what is -2 + 9e30?
9e2e
In base 10, what is -2015 + -31?
-2046
In base 16, what is 25415 + -1?
25414
In base 10, what is -6 + 48898?
48892
In base 3, what is 21112112010 - -2?
21112112012
In base 6, what is -351004 - 4?
-351012
In base 2, what is 11 + 100111010111010?
100111010111101
In base 9, what is -544228 - 2?
-544231
In base 8, what is -1 + -70234?
-70235
In base 4, what is 1300 + -12?
1222
In base 7, what is 16034 + -13?
16021
In base 9, what is -1887 - -447?
-1440
In base 15, what is -51 + -268c?
-26dd
In base 3, what is -11202211201 + 10?
-11202211121
In base 8, what is -145 + -11453?
-11620
In base 12, what is 2 + -5b5022?
-5b5020
In base 12, what is 13 - -7149?
7160
In base 3, what is 2121101210 - -12?
2121101222
In base 15, what is